c + 6. What is s(-7)?
-1
Let j(r) = r**3 - 2*r**2 + 8*r - 6. What is j(1)?
1
Let z(h) = h**3 - 5*h**2 + 3*h - 1. What is z(2)?
-7
Let l(k) = -10*k + 441. What is l(47)?
-29
Let x(w) = w**3 - 23*w**2 - 25*w + 26. Determine x(24).
2
Let j(o) = -2*o**2 - 21*o + 117. Give j(4).
1
Let d(k) = k**3 + 16*k**2 + 17*k + 33. What is d(-15)?
3
Let b(d) = d + 5. Calculate b(-5).
0
Let v(m) = 3*m**2 - 2*m. Give v(-1).
5
Let k(z) = -z**3 + z**2 - z + 43. Give k(0).
43
Let v(u) = 7*u + 14. Give v(-6).
-28
Let n(m) = m**2 - 3*m - 7. Calculate n(0).
-7
Let p(t) = 2*t - 12. Give p(8).
4
Let r(q) = -q**3 - 2*q**2 - q - 5. Determine r(-4).
31
Let d(u) = u**2 + u - 13. Give d(-7).
29
Let s(h) = -h**3 + 8*h**2 - 14*h + 9. Give s(6).
-3
Let c(y) = -y**3 + 7*y**2 + 5*y - 9. Determine c(7).
26
Let x(d) = d**3 - 12*d**2 + 3*d + 24. What is x(12)?
60
Let t(r) = 9*r. What is t(-6)?
-54
Let x(t) = t**2 - 9*t + 15. Calculate x(8).
7
Let b(f) = -f**2 - 5*f + 37. What is b(-10)?
-13
Let m(o) = o**2 + 13*o - 24. Calculate m(-18).
66
Let x(z) = -18*z - 703. Determine x(-39).
-1
Let h(d) = -19*d**2 - 1. Calculate h(-1).
-20
Let n(o) = -o + 4. Give n(1).
3
Let u(z) = -18*z**3 - 5*z**2 + 2*z + 2. What is u(-1)?
13
Let d(c) = -c - 21. What is d(7)?
-28
Let m(k) = 42*k**2. What is m(-1)?
42
Let h(t) = t**2 - 40*t + 196. Calculate h(6).
-8
Let k(l) = 4*l**2 - 4*l - 36. Determine k(-5).
84
Let j(f) = -30*f + 104. Give j(4).
-16
Let y(l) = 21*l - 64. Determine y(3).
-1
Let d(u) = -u**3 - 13*u**2 - 12*u + 7. What is d(-12)?
7
Let g(n) = -n**3 - 2*n**2 + 3*n - 4. Calculate g(-3).
-4
Let i(p) = 22*p + 18. Give i(-4).
-70
Let x(s) = s**2 - 20*s + 6. Determine x(10).
-94
Let f(u) = 2*u**2 - 8*u + 3. Determine f(5).
13
Let l(u) = u + 18. What is l(-17)?
1
Let i(g) = -g**2 + 38. Calculate i(0).
38
Let t(y) = 5*y + 20. What is t(-7)?
-15
Let a(z) = 2*z**2 + 4*z - 8. Calculate a(4).
40
Let d(m) = 4*m - 3. Give d(-3).
-15
Let t(n) = 9*n**3 + 14*n - 14. Determine t(1).
9
Let b(a) = -a**2 - a + 7. Give b(6).
-35
Let o(i) = -3*i**2 - 4*i + 73. Calculate o(-6).
-11
Let t(v) = 3*v**2 + 49*v + 116. Determine t(-3).
-4
Let m(u) = -u**3 + 7*u**2 - 11*u + 6. Calculate m(7).
-71
Let a(g) = g - 24. Give a(18).
-6
Let p(j) = -58*j + 167. What is p(3)?
-7
Let x(o) = -o**3 + 8*o**2 - o + 5. Give x(8).
-3
Let x(l) = -l**3 - 10*l**2 + l + 20. Determine x(-10).
10
Let u(w) = 5*w + 4. What is u(-8)?
-36
Let j(u) = -u**2 - 13*u + 20. Calculate j(-14).
6
Let s(u) = -7*u - 11. Determine s(-2).
3
Let s(k) = 2*k**3 - k**2 - k - 8. What is s(-3)?
-68
Let l(m) = -m**3 + 6*m**2 + 3*m + 97. Determine l(8).
-7
Let k(j) = j**3 - 7*j**2 + 5*j. What is k(7)?
35
Let c(w) = w**2 - 4*w - 3. Determine c(9).
42
Let f(k) = -k**2 + 6*k - 16. What is f(5)?
-11
Let p(v) = v**3 - 23*v**2 - 3*v + 58. Give p(23).
-11
Let u(r) = 16*r + 100. Calculate u(-6).
4
Let a(q) = 4*q + 14. Determine a(-4).
-2
Let m(b) = -b + 34. Give m(15).
19
Let a(h) = -h**2 - 15*h - 42. Calculate a(-3).
-6
Let y(a) = -25*a - 287. Calculate y(-12).
13
Let u(f) = -f**3 + 11*f**2 + 14*f + 5. Determine u(12).
29
Let p(d) = 26*d**2 + 6*d - 5. Give p(1).
27
Let p(h) = 13*h**2 + 2*h - 1. What is p(1)?
14
Let j(o) = o**3 + 3*o**2 - 5*o - 9. Determine j(-4).
-5
Let o(b) = -4*b + 2. Give o(-2).
10
Let y(s) = s + 11. What is y(4)?
15
Let f(h) = -5*h - 4. Calculate f(0).
-4
Let m(r) = -2*r + 15. What is m(10)?
-5
Let f(o) = 7*o**3 - o. Determine f(1).
6
Let v(u) = -u**2 + 10*u - 7. Give v(7).
14
Let q(y) = -2*y**3 - 80*y**2 + 82*y - 3. Calculate q(-41).
-3
Let p(o) = -o**3 - 30*o**2 - 58*o - 56. Give p(-28).
0
Let i(r) = r**2 + 9*r + 4. Determine i(-8).
-4
Let s(d) = 23*d + 10. Calculate s(0).
10
Let n(f) = -f**3 + 29*f**2 - 2*f + 58. Give n(29).
0
Let a(x) = -x**3 - 17*x**2 - 32*x + 37. Give a(-15).
67
Let b(h) = -3*h - 8. Determine b(-4).
4
Let f(v) = -2*v**2 - 5*v + 2. Determine f(-6).
-40
Let h(g) = g**3 + 2*g**2 + g - 2. What is h(-3)?
-14
Let q(l) = l**3 - 9*l**2 + 8*l + 5. What is q(8)?
5
Let y(u) = u**2 - 5*u + 1. What is y(4)?
-3
Let d(b) = 11*b - 65. Give d(7).
12
Let r(d) = 22*d**2 + 3. Calculate r(-1).
25
Let i(c) = -c**3 - 2*c**2 + 7. Calculate i(3).
-38
Let o(c) = c**3 + 6*c**2 - 9*c + 2. Give o(-8).
-54
Let y(u) = -u**2 - 12*u + 40. Determine y(-15).
-5
Let h(u) = u**2 - 94*u + 1115. Give h(80).
-5
Let c(l) = -l**3 + 12*l**2 + 13*l - 4. What is c(13)?
-4
Let x(y) = y**3 - 5*y**2 - 3. Give x(3).
-21
Let c(r) = -9*r - 1. Calculate c(-2).
17
Let v(f) = 83*f. Determine v(1).
83
Let h(j) = 19*j**2 - 2*j + 2. Determine h(1).
19
Let v(a) = -4*a**2 + 75*a. Give v(19).
-19
Let n(w) = w**3 - 8*w**2 + 4*w + 17. Determine n(7).
-4
Let w(a) = -82*a + 408. Determine w(5).
-2
Let x(l) = -2*l**2 - 5*l - 12. Give x(-2).
-10
Let v(q) = q**3 + 7*q**2 + 10*q + 5. Calculate v(-5).
5
Let m(z) = -2*z**2 - 20*z + 8. Give m(-10).
8
Let a(r) = -r**3 + 5*r**2 - 2*r + 3. Determine a(3).
15
Let j(c) = -c + 29. What is j(-5)?
34
Let i(x) = x**3 - x**2 + 5. Determine i(-3).
-31
Let h(n) = -n**3 + 10*n**2 + 24*n - 8. Calculate h(12).
-8
Let p(y) = 34*y - 13. Calculate p(2).
55
Let u(v) = -v**2 + v + 1. Calculate u(2).
-1
Let b(p) = p**3 + 24*p**2 - 10*p - 245. Calculate b(-24).
-5
Let u(v) = -4*v**2 + 18*v + 3. Calculate u(4).
11
Let w(m) = -m**2 - 4*m - 2. Give w(-3).
1
Let f(j) = 4*j**2 + 28*j + 21. Determine f(-6).
-3
Let s(j) = -j**3 + 2*j**2 + j + 5. Determine s(3).
-1
Let p(v) = -v**2 + 5*v - 9. Give p(4).
-5
Let o(q) = -q**2 + 18*q + 9. Determine o(19).
-10
Let c(l) = -10*l - 22. Determine c(-2).
-2
Let y(h) = -34*h + 197. Determine y(6).
-7
Let c(t) = 2*t**2 + t - 34. Calculate c(0).
-34
Let c(m) = -4*m + 69. Determine c(-5).
89
Let h(m) = -2*m**2 + 9*m - 9. Calculate h(6).
-27
Let w(s) = 2*s**2 - 23*s - 15. Determine w(12).
-3
Let p(q) = -13*q + 16. What is p(7)?
-75
Let q(x) = x**3 - 10*x**2 + x - 10. Determine q(10).
0
Let d(p) = 36*p - 3. Calculate d(-6).
-219
Let s(q) = -q**3 - 7*q**2 + q + 9. What is s(-3)?
-30
Let q(r) = r**3 + 8*r**2 - 10*r - 13. Give q(-9).
-4
Let n(c) = c**2 + 16*c + 6. Determine n(-17).
23
Let w(x) = -x**3 - 10*x**2 - 9*x - 5. Give w(-9).
-5
Let j(d) = 2*d**3 + d. Calculate j(1).
3
Let p(u) = -u**2 - 35*u - 95. Give p(-30).
55
Let b(s) = 2*s**2 + 20*s - 10. Calculate b(-10).
-10
Let f(i) = -24*i**2 + 142*i + 6. Give f(6).
-6
Let l(c) = c**2 + 26*c - 4. Determine l(-28).
52
Let n(z) = -z**3 - 7*z**2 - 8*z - 5. Determine n(-5).
-15
Let s(n) = 2*n**2 - 46*n + 6. Calculate s(23).
6
Let y(h) = -24*h**3 + h. Calculate y(-1).
23
Let f(u) = -2*u**2 - 4*u + 17. What is f(-6)?
-31
Let g(m) = -3*m**2 - 2*m + 1. Give g(-2).
-7
Let r(x) = -3*x**2 - 1. Give r(2).
-13
Let w(o) = -o**3 + 2*o**2 + 5*o - 4. Calculate w(5).
-54
Let t(h) = -h**3 - 6*h**2 + 7*h + 14. Determine t(-7).
14
Let p(s) = -s**3 + 3*s**2 + 12*s - 2. Determine p(-3).
16
Let f(u) = 16*u**2 - 3*u + 2. Give f(2).
60
Let z(v) = v**3 + 6*v**2 + 5*v + 6. Calculate z(-4).
18
Let o(u) = -7*u - 41. Calculate o(-8).
15
Let z(f) = 4*f**2 - 2*f + 4. Calculate z(3).
34
Let o(r) = -2*r**3 + 4*r**2 - 5*r + 7. What is o(4)?
-77
Let l(t) = 60*t + 1149. Determine l(-19).
9
Let v(m) = 2*m**3 - m**2 - 4*m + 27. Give v(-3).
-24
Let w(g) = -g**3 - 6*g**2 + 8*g + 3. Give w(-7).
-4
Let d(q) = -39*q**2 + 14*q + 13. What is d(-1)?
-40
Let c(d) = -d**2 - 9*d - 6. Determine c(-8).
2
Let q(t) = t**2 - 9*t + 20. Calculate q(2).
6
Let u(y) = 2*y**3 - 21*y**2 + 37*y + 1. What is u(2)?
7
Let t(l) = -l - 25. What is t(-30)?
5
Let l(v) = -v**3 - 4*v**2 + 14*v + 16. Determine l(-6).
4
Let u(x) = x**3 - 8*x**2 + 9*x - 2. Give u(7).
12
Let r(l) = l**2 - 32*l + 20. Give r(29).
-67
Let h(m) = m - 11. Give h(9).
-2
Let j(m) = 38*m + 190. Give j(-5).
0
Let a(m) = -m**3 + 31*m**2 + 65*m + 20. What is a(33)?
-13
Let f(k) = -8*k + 33. Calculate f(5).
-7
Let r(q) = -q - 6. Determine r(-8).
2
Let z(t) = -t**2 - 8*t + 5. Give z(-9).
-4
Let p(z) = z**3 + 3*z**2 + 4*z + 1. What is p(-3)?
-11
Let q(g) = -8*g + 2. Give q(-1).
10
Let j(y) = 10*y - 68. Determine j(-15).
-218
Let w(m) = 11*m + 33. What is w(0)?
33
Let f(b) = 6*b**2 - 6*b + 13. Determine f(2).
25
Let u(t) = 14*t - 470. Calculate u(33).
-8
Let c(a) = a**2 - a - 17. Give c(-7).
39
Let c(n) = -n - 30. Give c(-28).
-2
Let q(x) = -18*x - 26. Calculate q(-4).
46
Let m(s) = -9*s + 32. Give m(